 u = 421 - 252. Let p = u + 4. What is the units digit of p?
3
Suppose 22 = -5*t - 4*u, -6*t + 4*t = -2*u + 16. Let o = -1 - t. Suppose 0 = d + 2*j - 3 - 1, -67 = -3*d + o*j. What is the units digit of d?
4
Suppose b - 4 = 0, w + 4*w - b + 19 = 0. Let y(t) = 4*t**2 + t + 16. What is the units digit of y(w)?
9
Suppose 0 = -2*b + 5*a + 158, -b + 4*a + 340 = 3*b. Suppose -f - b = -5*u, 24 = 5*u - 1. What is the units digit of 2/5*(1 - f)?
6
Let z(t) = -t**3 - 3*t**2 + 2*t + 2478. What is the hundreds digit of z(0)?
4
What is the units digit of -56*(-10)/40*178?
2
Let j(h) = 337*h**2 - 13*h - 3. What is the hundreds digit of j(-2)?
3
Let t(u) = 0*u + 5 - 2*u + 3*u - 3. Let x be t(1). Suppose v + v - 111 = -x*w, 37 = w + 4*v. What is the tens digit of w?
3
Let b(h) = -44*h - 127. What is the hundreds digit of b(-13)?
4
Let l(t) = -10*t + 9. Let f(k) = k**2 - 12*k - 3. Let u be f(12). Let r be l(u). What is the tens digit of (4 + -1 + -2)*r?
3
Suppose -8*f - 2 = -10*f. Let a be (-171)/(-76)*(15 + f). Suppose 2*m - 89 = 5*v - a, 2*v - 49 = -m. What is the units digit of m?
9
Suppose u - 3*u + 8 = 0. Suppose -159 = -3*k + u*d - 47, 0 = 3*k + 4*d - 104. What is the units digit of 2/5 + k/10?
4
Suppose -12*c + 4076 = -12052. What is the thousands digit of c?
1
Suppose 0 = 5*l - 25, -3*n + 31 = 4*l + l. Suppose -n*f - f - 15 = -3*s, 0 = 2*f - 2. Let h = 39 - s. What is the tens digit of h?
3
Let c = 171 - 96. Let x = 85 - c. What is the tens digit of x?
1
Suppose x - 2*s = 8, -3*x + 6*x - 5*s - 20 = 0. Suppose x = -5*m + 13 + 7, -14 = n - 5*m. What is the units digit of n?
6
Suppose 5*f - 7*u - 20 = -2*u, -2*u = 0. Suppose -f*a + 3 - 7 = 0. What is the tens digit of a/2 + 117/6?
1
Suppose -4*h - 8*u + 2083 + 761 = 0, 2*u - 2850 = -4*h. What is the tens digit of h?
1
Let a be 1*(-2)/6*-6. Suppose -4*b - 110 = -3*i + 62, -a*i = b - 122. What is the tens digit of i?
6
Let b = 108 + 151. What is the tens digit of b?
5
Let o = 1198 - 187. What is the tens digit of o?
1
Let z = -88 + 248. Suppose 0 = -5*o - z + 40. Let x = -20 - o. What is the units digit of x?
4
Suppose y + a - 24 = 0, 0 = 6*y - y - 5*a - 110. Let f = y + -53. What is the tens digit of 2*5/(f/(-63))?
2
Let n(h) = 546*h + 869. What is the tens digit of n(5)?
9
Suppose -8810 = -3*q + 3268. What is the thousands digit of q?
4
Suppose -4*w = -2*y - 28, 3*y = -5*w - 11 - 9. Let u(v) = 3*v - 5 - 2*v - 6*v - 10*v**2 - v**3. What is the units digit of u(y)?
5
Suppose -5*k + 7 = 4*m, m - 28 = 5*k + 5. What is the units digit of m?
8
Suppose -29 - 1 = -2*v. Let n = v - 12. Suppose c = n*c - 112. What is the units digit of c?
6
What is the units digit of -5*(-5 + (-4893)/35)?
4
Suppose 7*s - 1941 = 3120. What is the units digit of s?
3
Suppose 4*j - 5*j = 4. What is the tens digit of 2 - (881/j - 3/4)?
2
Let j = 25 - 18. Suppose -1687 = -j*n + 917. What is the tens digit of 4/(-6)*n/(-8)?
3
Suppose -2*v + 235 = -173. Suppose -3*g + p + 21 = -142, -4*g + v = 2*p. Suppose -f - 2*n = -2*f + g, 2*f - 3*n = 103. What is the tens digit of f?
4
Suppose 0 = -0*c - 5*c - 25. What is the units digit of 12 + ((-4)/4 - c)?
6
Let p(o) = -13*o**2 + 6*o - 29. Let v(q) = 8*q**2 - 4*q + 19. Let x(g) = -5*p(g) - 8*v(g). Suppose 3*j + 0 + 15 = 0. What is the units digit of x(j)?
8
Suppose 4*c - 5*w = 9*c - 3480, -3*w = -2*c + 1417. What is the tens digit of c?
0
Let y(n) = n**3 - 8*n**2 - 8*n - 6. Let u be y(9). Let m(v) = 8 + 6*v**2 + 0*v**2 - u + v**3. What is the tens digit of m(-5)?
3
Let u = -7163 - -10317. What is the thousands digit of u?
3
Let k be ((-2 + -1)/3)/((-1)/3). Suppose k*r = -0*r + w + 55, -4*w - 40 = -3*r. What is the tens digit of r?
2
Suppose 0 = -3*q - o + 19, -3*q - 6*o + 8*o + 25 = 0. What is the units digit of 9 + (3 - q) + 0?
5
Let d = -8 - -11. Suppose 0 = -2*z + d*c + 131, -2*z = 2*z - 2*c - 282. Suppose -3*r = 31 - z. What is the units digit of r?
4
Let u = 6 - 2. What is the units digit of 534/u + 9/18?
4
Let r(p) = -84*p + 67. What is the thousands digit of r(-12)?
1
Suppose 103*p - 125*p + 106920 = 0. What is the thousands digit of p?
4
Suppose 2*d + 3*h = 2*h - 25, -3*d = -3*h + 60. What is the units digit of (-461)/(-2) + d/6?
8
Suppose 0 = 27*k + 26*k - 256520. What is the units digit of k?
0
What is the tens digit of ((-408)/32)/((-3)/108)?
5
Let l = 1937 + -470. What is the hundreds digit of l?
4
Let o(m) = 298*m + 15. Let n be o(3). Suppose n + 11 = 4*d. What is the tens digit of d?
3
Let n = 2 + 2. Suppose a + n*f = 4*a - 1, -2*f = 2. What is the units digit of 10 + a/((-2)/(-6))?
7
What is the hundreds digit of ((-59812)/418)/(8/(-44))?
7
Suppose 0 = 10*x - 57*x + 125255. What is the tens digit of x?
6
Let o = 187 + -75. Suppose o = l + 5*y, 3*l = 3*y + 400 - 64. What is the hundreds digit of l?
1
Let i(r) = 539*r - 57. What is the hundreds digit of i(1)?
4
Let c(o) = 4*o**3 + o**2 + 11*o - 8. Let k(i) = -5*i**3 - 12*i + 9. Let v(r) = 6*c(r) + 5*k(r). What is the tens digit of v(6)?
3
Let i = -304 + 441. Suppose i = 5*l - 108. What is the tens digit of l?
4
Suppose 0 = -68*k + 63*k + 1055. What is the tens digit of k?
1
Let h = 3 - -3. Let y(q) = -q**2 + 6*q + 8. Let u be y(h). Let i = -5 + u. What is the units digit of i?
3
Let c(s) be the second derivative of s**4/6 + 3*s**3/2 - 3*s**2/2 - s. Let t = 83 + -90. What is the units digit of c(t)?
2
Let d = 94 + -31. Suppose -4*o + d + 357 = 0. What is the tens digit of o?
0
Let j = 3800 + -2147. What is the tens digit of j?
5
Let g(f) = 50*f**3 - f**2 + f + 1. Let a be g(2). Let p be a/28*8/3. Suppose -1 = -2*q - w + 39, q = 4*w + p. What is the units digit of q?
2
Let r be 2 - (-9)/(-1 + 2). Suppose -2*s - r = -1. Let x = 0 - s. What is the units digit of x?
5
Let b(a) = -a**2 + 40*a + 50. What is the units digit of b(19)?
9
Suppose -2*y - 3*i + 6*i = -608, 5*i + 10 = 0. What is the hundreds digit of y?
3
Suppose 0*u + u = 31. Suppose 0 = v - 18*r + 16*r + 21, -r = 1. Let k = u + v. What is the units digit of k?
8
Suppose 0 = w - 2*b - 80, -2*w + 12 + 150 = -5*b. What is the tens digit of w?
7
Suppose 5*z + 3*l = -0*z + 518, 2*z + 4*l = 210. Suppose -658 = -5*f - z. What is the units digit of f?
1
Suppose 100 = -6*u + 1150. What is the tens digit of u?
7
Let q be (36/15*1 - 0)*-30. Let b = 193 + q. What is the tens digit of b?
2
Let h(b) = -b**3 + 6*b - 1. What is the units digit of h(-8)?
3
Let f(z) = z**2 + 3*z + 10. Let a = -63 + 72. What is the units digit of f(a)?
8
Suppose 0 = 3*z + 2*s - 425, 17*s - 14*s + 450 = 3*z. What is the units digit of z?
5
Let q(x) = 435*x**3 + 2*x - 1. Let p be q(1). Suppose -4*m - p = -5*y, -3*m = y - 8*m - 104. What is the tens digit of y?
8
Let i be (16/6)/((-10)/(-855)). Suppose -96 = 4*u + m - 413, -4*m + i = 3*u. What is the units digit of u?
0
Let o(m) = m**2 + 25. What is the units digit of o(9)?
6
Let t(w) = -w**2 - 21*w - 2. Let y(l) = l**2 + 21*l + 3. Let c(v) = 7*t(v) + 6*y(v). What is the hundreds digit of c(-8)?
1
Let p(k) = -k**3 - 6*k**2 - 2*k + 30. What is the hundreds digit of p(-11)?
6
Let u(j) = -j**3 + 8*j**2 + 3*j - 6. Let o(k) = -6*k - 4. Let b be o(4). Let t = -20 - b. What is the units digit of u(t)?
8
Let g = -27 + 329. Suppose 4*s - g = 2*s. What is the tens digit of s?
5
Let y(r) = r + 5. Let o be y(0). Suppose 0 = -3*m + 2*l + 2*l - 6, o*m - 16 = -2*l. Suppose -4*t + 28 = -m*t. What is the tens digit of t?
1
Suppose j = -i - 13 + 169, 2*i + 308 = 2*j. Suppose 0 = 2*x - 25 - j. What is the tens digit of x?
9
Suppose -2*a + 7 = 1. Let x = -3 + 11. Let p = x + a. What is the tens digit of p?
1
Suppose 11*i - 4442 - 2532 = 0. What is the units digit of i?
4
Let b(u) = -2*u**3 - u**2 + 15*u - 5. Let t(w) = w**3 - 8*w + 3. Let y(r) = 3*b(r) + 5*t(r). What is the units digit of y(-5)?
5
Suppose 0 = 2*o + 5 - 13. Let r(f) = -2*f**2 - f**3 - f**3 + f**3 + 12 - 3*f - o*f**2. What is the units digit of r(-5)?
2
Let q(l) = 4*l + 25. Let c(s) = 9*s**3 + s. Let p be c(1). What is the units digit of q(p)?
5
Let s(d) = -565*d - 683. What is the units digit of s(-8)?
7
Suppose -6 = -14*o + 12*o. Suppose o*y - 3*b - 12 = 0, -5*y = 6*b - 4*b + 1. What is the units digit of y?
1
Let v be 1 - 0 - ((1 - 2) + -1). Suppose -v*s - 95 = -4*s. What is the tens digit of s?
9
Let h = 2335 - 950